e highest common divisor of l and f.
100
Let o be (-1 - -3)/(14/175). Suppose -5*q = o - 155. Let c(x) = 6*x**2 + 2*x - 2. Let i be c(2). Calculate the highest common divisor of q and i.
26
Suppose 0 = -13*m + 10*m + 6. Suppose m*n + 278 = 2*f, -5*f - 2*n = -f - 586. Let b be (-12)/((8/32)/((-3)/8)). Calculate the greatest common factor of b and f.
18
Suppose -4*v + 1220 + 30 = y, 0 = 5*v + 5. What is the highest common factor of 1482 and y?
114
Let z be (-24)/(-11) + 30/(-165). Let r be (4/(-16)*4)/(z/(-186)). Let h = r + -81. Calculate the highest common factor of 36 and h.
12
Suppose -222 = -4*t - 66. Let v be t/(-12) - -4 - 9/12. Let x = 10 - v. Calculate the highest common factor of 6 and x.
2
Let i be (237/12)/((-63)/(-840)*(-15)/(-18)). What is the greatest common divisor of i and 395?
79
Let l = 607 - 557. What is the highest common divisor of l and 425?
25
Let t = 494 - 445. Let s(z) = z**2 - z + 1. Suppose o = -3*y - 17, o + 19 = -o - 3*y. Let p be s(o). What is the highest common factor of p and t?
7
Suppose b = 3*z - b - 8319, z - 2773 = -4*b. What is the greatest common divisor of z and 413?
59
Suppose -197*c + 11440 = -153*c. What is the greatest common factor of 104 and c?
52
Let h be 66/(45/20 - 3). Let y = h + 92. Let k be y + 0 - (2 + -106). Calculate the highest common factor of 24 and k.
12
Let s(i) be the third derivative of 23*i**4/24 - 109*i**3/6 - 243*i**2. Let f be s(7). What is the greatest common divisor of 39 and f?
13
Suppose -90*g - 15156 = -94*g - 4*d, 0 = -g - 3*d + 3787. What is the highest common divisor of g and 10?
10
Suppose -l - 2*g + 370 = 0, 3*l - 222 = 5*g + 899. What is the highest common divisor of 240 and l?
12
Let b(f) = -f**2 - 1202*f + 26958. Let c be b(22). Let m be (3/2)/(2/16). What is the greatest common divisor of m and c?
6
Let m(l) = -l**3 + 52*l**2 + 69*l + 108. Let q be m(44). Calculate the highest common factor of 17 and q.
17
Let l(y) = y**3 + 15*y**2 - 35*y - 17. Let v be l(-17). Suppose 3*p - 3*s - 1047 = v, 699 = 2*p - 0*s - s. What is the highest common divisor of 50 and p?
50
Suppose 5*x - n = 69, -x + 4*n - 23 = -4*x. Let l = -7 + x. Let s be 9/l*1*150/9. Calculate the greatest common divisor of s and 10.
5
Let p be 176/(-12) - (-7)/(-21). Let y be p/(-3) + 16*12/3. Calculate the highest common factor of 230 and y.
23
Let r(d) = 186*d**3 - 3*d**2 + 3. Let o be r(-1). Let k = o - -213. What is the greatest common divisor of 99 and k?
9
Let x(v) = -v**3 + 13*v**2 - 93*v + 255. Let m be x(4). Suppose -3*n - 54 = -c, 5*n = -3*c + c + 75. What is the greatest common divisor of m and c?
9
Suppose 26*s + 212 = h + 23*s, 2*h - 424 = s. What is the highest common factor of 4 and h?
4
Let u = 12419 - 11774. What is the highest common divisor of 301 and u?
43
Let m = 74 + -70. Suppose -4*o + d + 1 = 0, o + 3*d + 5 = 5*d. What is the greatest common factor of o and m?
1
Let y(c) = -c**2 + 15*c - 32. Let i be y(12). Suppose -t - 3*s = -15 - 23, -5*t + 245 = i*s. Calculate the greatest common divisor of t and 53.
53
Let r be 25 - 27 - (-15)/3. Suppose 2*a + 71 = r*n - 203, 3*a = -3*n + 279. What is the greatest common divisor of n and 12?
4
Suppose 5338*m - 5331*m = 1890. Let d be (-4)/6 - (-929)/3. Let c = d - 201. What is the highest common divisor of m and c?
54
Let x be (-10)/(-25)*(291 - 36). Calculate the greatest common factor of 3162 and x.
102
Suppose 3*x = -14*h + 9*h + 122, 2*h - x - 40 = 0. What is the highest common divisor of 28 and h?
2
Let i(n) = 2*n - 59. Let k be i(41). What is the highest common factor of k and 33212?
23
Suppose 0 = -8*w + 3*w + 425. Let p = -82 + w. Suppose -3*r + 4*l = -643, -5*l + 444 = p*r - r. Calculate the highest common factor of 31 and r.
31
Suppose -s - l = -15991, 4*s - 4*l + 31968 = 6*s. What is the highest common divisor of s and 114?
38
Let c(i) = 6*i**2 + 28*i. Let f(g) = -6*g - 173. Let t be f(-28). Let n be c(t). Calculate the highest common factor of 310 and n.
10
Let a(f) = -3*f**2 - 99*f - 110. Let u be a(-31). What is the highest common divisor of 9728 and u?
76
Let t(o) = 3*o**3 - 102*o**2 + 73*o + 73. Let s be t(34). Calculate the highest common divisor of s and 70.
35
Let k(x) = -x**3 + 40*x**2 + 189*x - 504. Let m be k(44). Suppose j = -2*j + 1326. Calculate the highest common divisor of j and m.
34
Let p = 2725 + -2718. What is the greatest common factor of p and 3325?
7
Let g be (-324)/(-21) + ((-40)/(-210))/((-28)/63). Let d be 411/3 + (-3 - -1). What is the highest common factor of g and d?
15
Let j = -53 - -64. Let n = 3 + j. Suppose -634 - 836 = -n*s. What is the highest common factor of 35 and s?
35
Suppose 2*u + 3*g = 48, 3*g = 5*u + 11 - 131. Suppose 16*z - 74 = 982. Let n = 126 - z. What is the highest common divisor of n and u?
12
Let x = -1794 - -2677. Let d = x + -630. Calculate the greatest common divisor of d and 22.
11
Suppose -60*t + 55*t + 8230 = 0. Suppose -3793 - t = -21*o. What is the greatest common factor of o and 111?
37
Let x(c) = c**2 - 3*c - 165. Let p be x(15). Let k be (24/20)/((-6)/(-20)). Suppose k*o - 15 = -o. Calculate the greatest common factor of p and o.
3
Let a(r) = 75*r**2 + 110*r - 94. Let y be a(-14). Calculate the greatest common divisor of 94 and y.
94
Suppose -910*n = -977*n + 168974. Calculate the highest common factor of n and 78.
26
Let c be 2/(-5) - 244/(-10). Let k = 48525 + -48513. What is the greatest common factor of c and k?
12
Let l = -2 - -5. Suppose 3*u = 2*j - 292 + 265, 0 = 3*j + 4*u - 15. What is the highest common factor of l and j?
3
Let u be 56/(-32) - (-6)/8. Let q(g) = 17*g + 55. Let t be q(u). Suppose a + 0*a = 5*x - 283, 2*x = 4*a + 106. Calculate the highest common factor of t and x.
19
Let p(c) = -27*c + 2148. Let n be p(76). Calculate the greatest common factor of 588 and n.
12
Let q = -24027 + 24213. What is the highest common factor of 5270 and q?
62
Let k be (-24)/84 + 222/42. Let r = 150 - 56. Let o = -39 + r. Calculate the greatest common factor of o and k.
5
Let i = -20736 + 20843. Calculate the greatest common divisor of 10700 and i.
107
Let j be ((-52)/(-130))/((-2)/(-500)). Suppose -212 = -2*w + 5*o, 0 = w - o - j. Calculate the highest common factor of 160 and w.
32
Suppose 0 = -6*p - 48 + 216. Suppose 39*n - 67 = -p. What is the greatest common factor of 61 and n?
1
Let r be 15 + 0 + -3 - (15 - 18). Let z = 283 + -163. What is the greatest common factor of r and z?
15
Suppose -15179 = -188*j + 29565. What is the highest common factor of 4403 and j?
119
Let p(y) = -4*y**3 + 6*y**2 - 45*y - 109. Let h be p(-12). Calculate the greatest common factor of 29 and h.
29
Let x be (416/624)/(2/369). Calculate the highest common factor of 32349 and x.
123
Suppose 2*r = z - 0*r - 22757, -4*r = 2*z - 45522. What is the highest common factor of 11 and z?
11
Let o be 169/(-3) - (-19)/57. Let t = 109 + o. Suppose -15 = -3*d - 3*s + 36, t = 3*d + s. Calculate the highest common divisor of 45 and d.
9
Suppose 34*u - 4*u = -5*u + 1260. Calculate the greatest common factor of u and 15.
3
Suppose -2716 = -5*d - 2*o, 5*d - o - 3708 = -971. What is the highest common factor of 168 and d?
42
Let j = -15746 + 18336. Calculate the highest common factor of j and 25.
5
Let z(f) = -f + 157. Let n be z(9). Suppose 0 = 10*i + 8 - n. Calculate the greatest common divisor of 434 and i.
14
Let f be 27/(2/2)*(-690)/(-414). Let g(l) = -l**3 - 3*l**2 + 10*l - 6. Let t be g(-7). Calculate the highest common divisor of f and t.
15
Let o = -10 + 15. Suppose 0 = 4*d - 5*c + 16 + 4, 4*c = -4*d + 16. Suppose -4*q + d = -60. What is the greatest common divisor of q and o?
5
Let n(f) = -2*f**3 + 5962 - 5962 - 7*f**2 + 21*f. Let v be n(-9). What is the greatest common divisor of 54 and v?
54
Let m(v) = -v**2 - 16*v + 19. Let j be m(-26). Let o = -217 - j. Calculate the highest common divisor of o and 264.
24
Suppose 0 = -12*i + 761 + 91. Suppose -29 - i = -2*k. Let d(f) = 4*f**3 - 3*f**2 + 4*f - 3. Let v be d(2). What is the highest common divisor of v and k?
25
Let i be ((-38172935)/50)/(-31) + (3 - 81/30). What is the highest common divisor of 131 and i?
131
Let g = 3740 - 954. What is the greatest common divisor of g and 14?
14
Let d(p) = 35 - 12 - 13 - p**2 - 5*p. Let f be d(-5). Suppose -u + 3